{"id":25,"date":"2023-05-09T10:23:21","date_gmt":"2023-05-09T10:23:21","guid":{"rendered":"https:\/\/galrinho.art\/?page_id=25"},"modified":"2023-05-13T16:19:36","modified_gmt":"2023-05-13T16:19:36","slug":"aikido","status":"publish","type":"page","link":"https:\/\/galrinho.art\/index.php\/aikido\/","title":{"rendered":"Aikido"},"content":{"rendered":"\n<p>Comecei a pr\u00e1tica do Aikido em 1977 na escola Ten Chi do mestre Georges Stobbaerts. Nunca senti interesse pelas artes marciais, nomeadamente pelo Aikido, apesar de conhecer o Aikido desde 1975. S\u00f3 quando, em Cascais, vi uma Kata de Aikido criada pelo mestre Georges Stobbaerts, apresentada por uma aluna e um aluno, me maravilhei com o Aikido. Fiquei maravilhado, n\u00e3o com o Aikido em geral, que pouco me diz, mas pelo Aikido do Mestre Georges Stobbaerts. Mantive-me na escola Ten Chi durante vinte e seis anos, os \u00faltimos vinte seis numa grande proximidade com o mestre. Acompanhei o mestre em est\u00e1gios e demonstra\u00e7\u00f5es n\u00e3o s\u00f3 em Portugal, mas tamb\u00e9m na Su\u00ed\u00e7a, Reino Unido, Brasil, Espanha, B\u00e9lgica e Jap\u00e3o. <br>           O facto de durante dezasseis anos ter podido estar numa grande proximidade do mestre foi um privil\u00e9gio, pois n\u00e3o vi em nenhum outro lugar este Aikido maravilhoso. N\u00e3o ouvi da boca de mais ningu\u00e9m as palavras s\u00e1bias do meu mestre. Toda a minha vida foi transmutada pela experi\u00eancia do seu ensino. Cada vez que subo para o tapete, dentro de mim vai um agradecimento enorme para com esse ensinamento e para com o mestre. E cada vez procuro ser melhor, e as palavras e correc\u00e7\u00f5es do mestre continuam a ressoar dentro de mim. Nem um s\u00f3 momento abdiquei da ideia extraordin\u00e1ria da fluidez, da beleza, do deixar ser, do n\u00e3o fazer, da liberdade e amplitude do movimento.<br>          Fiz cursos e segui aulas com quase todos os grandes mestres do mundo, na Europa, Espanha, Estados Unidos e Jap\u00e3o. Mutsuko Minegishi, Yoshimitsu Yamada, Moriteru Ueshiba, Seiichi Sugano, Nobuyoshi Tamura, Osawa Hayato, Seishiro Endo, Alahoui Mbarak, Yasuno Masatoshi, Kobayashi Yukimitsu, s\u00e3o exemplos de alguns desses mestres. Com todos eles aprendi mas a minha \u00fanica refer\u00eancia foi e continua a ser o Mestre George Stobbaerts. <br>(Na foto &#8211; eu e o mestre Stobbaerts na praia do Paiva no Brasil)<\/p>\n\n\n\n<figure class=\"wp-block-image size-full\"><img decoding=\"async\" width=\"900\" height=\"600\" src=\"https:\/\/galrinho.art\/wp-content\/uploads\/2023\/05\/Eu_Mestre_Brasil.jpg\" alt=\"\" class=\"wp-image-172\" srcset=\"https:\/\/galrinho.art\/wp-content\/uploads\/2023\/05\/Eu_Mestre_Brasil.jpg 900w, https:\/\/galrinho.art\/wp-content\/uploads\/2023\/05\/Eu_Mestre_Brasil-300x200.jpg 300w, https:\/\/galrinho.art\/wp-content\/uploads\/2023\/05\/Eu_Mestre_Brasil-768x512.jpg 768w\" sizes=\"(max-width: 900px) 100vw, 900px\" \/><\/figure>\n\n\n\n<p><\/p>\n\n\n\n<p><a href=\"https:\/\/galrinho.art\/index.php\/category\/blog-aikido\/\">Visitar o Blog de Aikido&#8230;.<\/a><\/p>\n","protected":false},"excerpt":{"rendered":"<p>Comecei a pr\u00e1tica do Aikido em 1977 na escola Ten Chi do mestre Georges Stobbaerts. Nunca senti interesse pelas artes marciais, nomeadamente pelo Aikido, apesar de conhecer o Aikido desde 1975. S\u00f3 quando, em Cascais, vi uma Kata de Aikido criada pelo mestre Georges Stobbaerts, apresentada por uma aluna e um aluno, me maravilhei com &#8230; <a title=\"Aikido\" class=\"read-more\" href=\"https:\/\/galrinho.art\/index.php\/aikido\/\" aria-label=\"More on Aikido\">Read more<\/a><\/p>\n","protected":false},"author":1,"featured_media":0,"parent":0,"menu_order":0,"comment_status":"closed","ping_status":"closed","template":"","meta":{"footnotes":""},"class_list":["post-25","page","type-page","status-publish"],"yoast_head":"<!-- This site is optimized with the Yoast SEO plugin v20.6 - https:\/\/yoast.com\/wordpress\/plugins\/seo\/ -->\n<title>Aikido - galrinho.art<\/title>\n<meta name=\"robots\" content=\"index, follow, max-snippet:-1, max-image-preview:large, max-video-preview:-1\" \/>\n<link rel=\"canonical\" href=\"https:\/\/galrinho.art\/index.php\/aikido\/\" \/>\n<meta property=\"og:locale\" content=\"en_US\" \/>\n<meta property=\"og:type\" content=\"article\" \/>\n<meta property=\"og:title\" content=\"Aikido - galrinho.art\" \/>\n<meta property=\"og:description\" content=\"Comecei a pr\u00e1tica do Aikido em 1977 na escola Ten Chi do mestre Georges Stobbaerts. Nunca senti interesse pelas artes marciais, nomeadamente pelo Aikido, apesar de conhecer o Aikido desde 1975. S\u00f3 quando, em Cascais, vi uma Kata de Aikido criada pelo mestre Georges Stobbaerts, apresentada por uma aluna e um aluno, me maravilhei com ... Read more\" \/>\n<meta property=\"og:url\" content=\"https:\/\/galrinho.art\/index.php\/aikido\/\" \/>\n<meta property=\"og:site_name\" content=\"galrinho.art\" \/>\n<meta property=\"article:modified_time\" content=\"2023-05-13T16:19:36+00:00\" \/>\n<meta property=\"og:image\" content=\"https:\/\/galrinho.art\/wp-content\/uploads\/2023\/05\/Eu_Mestre_Brasil.jpg\" \/>\n<meta name=\"twitter:card\" content=\"summary_large_image\" \/>\n<meta name=\"twitter:label1\" content=\"Est. reading time\" \/>\n\t<meta name=\"twitter:data1\" content=\"2 minutes\" \/>\n<script type=\"application\/ld+json\" class=\"yoast-schema-graph\">{\"@context\":\"https:\/\/schema.org\",\"@graph\":[{\"@type\":\"WebPage\",\"@id\":\"https:\/\/galrinho.art\/index.php\/aikido\/\",\"url\":\"https:\/\/galrinho.art\/index.php\/aikido\/\",\"name\":\"Aikido - galrinho.art\",\"isPartOf\":{\"@id\":\"https:\/\/galrinho.art\/#website\"},\"datePublished\":\"2023-05-09T10:23:21+00:00\",\"dateModified\":\"2023-05-13T16:19:36+00:00\",\"breadcrumb\":{\"@id\":\"https:\/\/galrinho.art\/index.php\/aikido\/#breadcrumb\"},\"inLanguage\":\"en-US\",\"potentialAction\":[{\"@type\":\"ReadAction\",\"target\":[\"https:\/\/galrinho.art\/index.php\/aikido\/\"]}]},{\"@type\":\"BreadcrumbList\",\"@id\":\"https:\/\/galrinho.art\/index.php\/aikido\/#breadcrumb\",\"itemListElement\":[{\"@type\":\"ListItem\",\"position\":1,\"name\":\"In\u00edcio\",\"item\":\"https:\/\/galrinho.art\/\"},{\"@type\":\"ListItem\",\"position\":2,\"name\":\"Aikido\"}]},{\"@type\":\"WebSite\",\"@id\":\"https:\/\/galrinho.art\/#website\",\"url\":\"https:\/\/galrinho.art\/\",\"name\":\"galrinho.art\",\"description\":\"\",\"potentialAction\":[{\"@type\":\"SearchAction\",\"target\":{\"@type\":\"EntryPoint\",\"urlTemplate\":\"https:\/\/galrinho.art\/?s={search_term_string}\"},\"query-input\":\"required name=search_term_string\"}],\"inLanguage\":\"en-US\"}]}<\/script>\n<!-- \/ Yoast SEO plugin. -->","yoast_head_json":{"title":"Aikido - galrinho.art","robots":{"index":"index","follow":"follow","max-snippet":"max-snippet:-1","max-image-preview":"max-image-preview:large","max-video-preview":"max-video-preview:-1"},"canonical":"https:\/\/galrinho.art\/index.php\/aikido\/","og_locale":"en_US","og_type":"article","og_title":"Aikido - galrinho.art","og_description":"Comecei a pr\u00e1tica do Aikido em 1977 na escola Ten Chi do mestre Georges Stobbaerts. Nunca senti interesse pelas artes marciais, nomeadamente pelo Aikido, apesar de conhecer o Aikido desde 1975. S\u00f3 quando, em Cascais, vi uma Kata de Aikido criada pelo mestre Georges Stobbaerts, apresentada por uma aluna e um aluno, me maravilhei com ... Read more","og_url":"https:\/\/galrinho.art\/index.php\/aikido\/","og_site_name":"galrinho.art","article_modified_time":"2023-05-13T16:19:36+00:00","og_image":[{"url":"https:\/\/galrinho.art\/wp-content\/uploads\/2023\/05\/Eu_Mestre_Brasil.jpg"}],"twitter_card":"summary_large_image","twitter_misc":{"Est. reading time":"2 minutes"},"schema":{"@context":"https:\/\/schema.org","@graph":[{"@type":"WebPage","@id":"https:\/\/galrinho.art\/index.php\/aikido\/","url":"https:\/\/galrinho.art\/index.php\/aikido\/","name":"Aikido - galrinho.art","isPartOf":{"@id":"https:\/\/galrinho.art\/#website"},"datePublished":"2023-05-09T10:23:21+00:00","dateModified":"2023-05-13T16:19:36+00:00","breadcrumb":{"@id":"https:\/\/galrinho.art\/index.php\/aikido\/#breadcrumb"},"inLanguage":"en-US","potentialAction":[{"@type":"ReadAction","target":["https:\/\/galrinho.art\/index.php\/aikido\/"]}]},{"@type":"BreadcrumbList","@id":"https:\/\/galrinho.art\/index.php\/aikido\/#breadcrumb","itemListElement":[{"@type":"ListItem","position":1,"name":"In\u00edcio","item":"https:\/\/galrinho.art\/"},{"@type":"ListItem","position":2,"name":"Aikido"}]},{"@type":"WebSite","@id":"https:\/\/galrinho.art\/#website","url":"https:\/\/galrinho.art\/","name":"galrinho.art","description":"","potentialAction":[{"@type":"SearchAction","target":{"@type":"EntryPoint","urlTemplate":"https:\/\/galrinho.art\/?s={search_term_string}"},"query-input":"required name=search_term_string"}],"inLanguage":"en-US"}]}},"_links":{"self":[{"href":"https:\/\/galrinho.art\/index.php\/wp-json\/wp\/v2\/pages\/25","targetHints":{"allow":["GET"]}}],"collection":[{"href":"https:\/\/galrinho.art\/index.php\/wp-json\/wp\/v2\/pages"}],"about":[{"href":"https:\/\/galrinho.art\/index.php\/wp-json\/wp\/v2\/types\/page"}],"author":[{"embeddable":true,"href":"https:\/\/galrinho.art\/index.php\/wp-json\/wp\/v2\/users\/1"}],"replies":[{"embeddable":true,"href":"https:\/\/galrinho.art\/index.php\/wp-json\/wp\/v2\/comments?post=25"}],"version-history":[{"count":6,"href":"https:\/\/galrinho.art\/index.php\/wp-json\/wp\/v2\/pages\/25\/revisions"}],"predecessor-version":[{"id":274,"href":"https:\/\/galrinho.art\/index.php\/wp-json\/wp\/v2\/pages\/25\/revisions\/274"}],"wp:attachment":[{"href":"https:\/\/galrinho.art\/index.php\/wp-json\/wp\/v2\/media?parent=25"}],"curies":[{"name":"wp","href":"https:\/\/api.w.org\/{rel}","templated":true}]}}